{"id":98500,"date":"2019-02-05T20:42:30","date_gmt":"2019-02-05T19:42:30","guid":{"rendered":"http:\/\/wikicollection.fr\/?post_type=product&#038;p=98500"},"modified":"2019-11-23T10:47:15","modified_gmt":"2019-11-23T09:47:15","slug":"article-acjm-numismatique-de-leau-par-r-elie","status":"publish","type":"product","link":"https:\/\/wikicollection.fr\/?product=article-acjm-numismatique-de-leau-par-r-elie","title":{"rendered":"Article num\u00e9rique ACJM &#8211; Numismatique de l&rsquo;eau \u00e0 Paris au XIXe si\u00e8cle par R. Elie"},"content":{"rendered":"<p>Ce num\u00e9ro sp\u00e9cial d&rsquo;une quarantaine de pages de la numismatique de l&rsquo;eau \u00e0 Paris a \u00e9t\u00e9 r\u00e9alis\u00e9 avec le soutien du Mus\u00e9e Carnavalet pour la consultation de sa collection. Trois th\u00e8mes sont trait\u00e9s par Roland Elie : les bains, les lavoirs &#8211; les bateaux-lavoirs et les bateaux \u00e0 lessive et enfin l&rsquo;eau domestique.<\/p>\n<p>Ce dernier vous permettra ainsi de comprendre que la voie d&rsquo;eau est aussi une mesure d\u00e9finissant une contenance bien sup\u00e9rieure \u00e0 celle d&rsquo;un sceau par exemple. Nombre de jetons sont ainsi d\u00e9finis en voies. Les valeurs utilis\u00e9s pour les lavoirs sont plut\u00f4t d&rsquo;ordre mon\u00e9taire (5 c) ou en eau chaude avec ou sans lessive.<br \/>\nDu cot\u00e9 des bains, on trouvera des voies d&rsquo;eau, de l&rsquo;eau chaude ou froide, des le\u00e7ons (de natation), des serviettes ou tout simplement &#8230; un bain.<\/p>\n<p>Bref, un univers courant \u00e0 Paris avec de nombreuses illustrations de jetons remises dans leur contexte historique et quelques r\u00e9f\u00e9rences bien pr\u00e9cieuses pour celles et ceux qui font une recherche en la mati\u00e8re.<br \/>\nA propos des bains, l&rsquo;ACJM a \u00e9galement publi\u00e9 un ouvrage r\u00e9f\u00e9rence pour les <a href=\"http:\/\/wikicollection.fr\/?product=les-bains-lyonnais-histoire-billets-jetons-1800-1950-par-serge-dufour\">jetons de bains lyonnais<\/a> encore aujourd&rsquo;hui disponible.<\/p>\n","protected":false},"excerpt":{"rendered":"<p>Cet article est gratuit pour les adh\u00e9rents ACJM \u00e0 jour de leurs cotisations annuelles (utiliser l&rsquo;option paiement \u00e0 la livraison).<\/p>\n","protected":false},"featured_media":98502,"comment_status":"open","ping_status":"closed","template":"","meta":[],"product_cat":[203],"product_tag":[],"class_list":{"0":"post-98500","1":"product","2":"type-product","3":"status-publish","4":"has-post-thumbnail","6":"product_cat-etudes","8":"first","9":"instock","10":"downloadable","11":"virtual","12":"purchasable","13":"product-type-simple"},"_links":{"self":[{"href":"https:\/\/wikicollection.fr\/index.php?rest_route=\/wp\/v2\/product\/98500","targetHints":{"allow":["GET"]}}],"collection":[{"href":"https:\/\/wikicollection.fr\/index.php?rest_route=\/wp\/v2\/product"}],"about":[{"href":"https:\/\/wikicollection.fr\/index.php?rest_route=\/wp\/v2\/types\/product"}],"replies":[{"embeddable":true,"href":"https:\/\/wikicollection.fr\/index.php?rest_route=%2Fwp%2Fv2%2Fcomments&post=98500"}],"wp:featuredmedia":[{"embeddable":true,"href":"https:\/\/wikicollection.fr\/index.php?rest_route=\/wp\/v2\/media\/98502"}],"wp:attachment":[{"href":"https:\/\/wikicollection.fr\/index.php?rest_route=%2Fwp%2Fv2%2Fmedia&parent=98500"}],"wp:term":[{"taxonomy":"product_cat","embeddable":true,"href":"https:\/\/wikicollection.fr\/index.php?rest_route=%2Fwp%2Fv2%2Fproduct_cat&post=98500"},{"taxonomy":"product_tag","embeddable":true,"href":"https:\/\/wikicollection.fr\/index.php?rest_route=%2Fwp%2Fv2%2Fproduct_tag&post=98500"}],"curies":[{"name":"wp","href":"https:\/\/api.w.org\/{rel}","templated":true}]}}