{"id":94049,"date":"2018-11-11T17:07:48","date_gmt":"2018-11-11T16:07:48","guid":{"rendered":"http:\/\/wikicollection.fr\/?post_type=product&#038;p=94049"},"modified":"2019-11-23T10:50:22","modified_gmt":"2019-11-23T09:50:22","slug":"article-acjm-magie-et-numismatique-par-roland-elie","status":"publish","type":"product","link":"https:\/\/wikicollection.fr\/?product=article-acjm-magie-et-numismatique-par-roland-elie","title":{"rendered":"Article num\u00e9rique ACJM &#8211; Magie et Numismatique par Roland Elie"},"content":{"rendered":"<p><strong>Magie et Numismatique par R. Elie<br \/>\n<\/strong>D&rsquo;une dizaine de pages, cet article a trait aux \u00ab jetons publicitaires \u00bb qui permettaient aux magiciens, eux m\u00eames, mais aussi aux fabricants et vendeurs d&rsquo;appareils de magie de se faire conna\u00eetre.<br \/>\nC&rsquo;est pourquoi, on trouvera dans cet article aussi bien \u2013 le tr\u00e8s r\u00e9pandu \u2013 Th\u00e9\u00e2tre Comte (magicien du Passage Choiseul \u00e0 Paris anc\u00eatre des Bouffes Parisiens) que de nombreux magasins d&rsquo;instruments de physique et d&rsquo;escamotage ; Une br\u00e8ve histoire de ces lieux (quand elle est connue) vous est cont\u00e9e avec la production des jetons aff\u00e9rents et des publicit\u00e9s \u00ab papiers \u00bb soit une quinzaine de magiciens situ\u00e9s pour l&rsquo;essentiel \u00e0 Paris et concentr\u00e9s autour du quartier Richelieu et de ses galeries \u00ab magiques \u00bb o\u00f9 le Mus\u00e9e Gr\u00e9vin demeure aujourd&rsquo;hui&#8230; dernier t\u00e9moin de ce monde d&rsquo;illusion ?<br \/>\n<strong><br \/>\n<\/strong><\/p>\n<p>&nbsp;<\/p>\n","protected":false},"excerpt":{"rendered":"<p>Cet article est gratuit pour les adh\u00e9rents ACJM \u00e0 jour de leurs cotisations annuelles (utiliser l&rsquo;option paiement \u00e0 la livraison).<\/p>\n","protected":false},"featured_media":94051,"comment_status":"open","ping_status":"closed","template":"","meta":[],"product_cat":[203],"product_tag":[],"class_list":{"0":"post-94049","1":"product","2":"type-product","3":"status-publish","4":"has-post-thumbnail","6":"product_cat-etudes","8":"first","9":"instock","10":"downloadable","11":"virtual","12":"sold-individually","13":"purchasable","14":"product-type-simple"},"_links":{"self":[{"href":"https:\/\/wikicollection.fr\/index.php?rest_route=\/wp\/v2\/product\/94049","targetHints":{"allow":["GET"]}}],"collection":[{"href":"https:\/\/wikicollection.fr\/index.php?rest_route=\/wp\/v2\/product"}],"about":[{"href":"https:\/\/wikicollection.fr\/index.php?rest_route=\/wp\/v2\/types\/product"}],"replies":[{"embeddable":true,"href":"https:\/\/wikicollection.fr\/index.php?rest_route=%2Fwp%2Fv2%2Fcomments&post=94049"}],"wp:featuredmedia":[{"embeddable":true,"href":"https:\/\/wikicollection.fr\/index.php?rest_route=\/wp\/v2\/media\/94051"}],"wp:attachment":[{"href":"https:\/\/wikicollection.fr\/index.php?rest_route=%2Fwp%2Fv2%2Fmedia&parent=94049"}],"wp:term":[{"taxonomy":"product_cat","embeddable":true,"href":"https:\/\/wikicollection.fr\/index.php?rest_route=%2Fwp%2Fv2%2Fproduct_cat&post=94049"},{"taxonomy":"product_tag","embeddable":true,"href":"https:\/\/wikicollection.fr\/index.php?rest_route=%2Fwp%2Fv2%2Fproduct_tag&post=94049"}],"curies":[{"name":"wp","href":"https:\/\/api.w.org\/{rel}","templated":true}]}}