{"id":82469,"date":"2017-11-14T18:26:07","date_gmt":"2017-11-14T17:26:07","guid":{"rendered":"http:\/\/wikicollection.fr\/?post_type=product&#038;p=82469"},"modified":"2024-07-09T21:13:53","modified_gmt":"2024-07-09T20:13:53","slug":"la-crise-de-la-monnaie-lhistoire-des-jetons-monnaies-billets-et-bons-de-necessite-daunis-et-saintonge-charente-maritime-1790-1926-par-bruno-jean-texier","status":"publish","type":"product","link":"https:\/\/wikicollection.fr\/?product=la-crise-de-la-monnaie-lhistoire-des-jetons-monnaies-billets-et-bons-de-necessite-daunis-et-saintonge-charente-maritime-1790-1926-par-bruno-jean-texier","title":{"rendered":"La crise de la monnaie par Bruno Jean Texier"},"content":{"rendered":"<p><strong>La crise de la monnaie : L\u2019histoire des jetons-monnaies, billets, et bons de n\u00e9cessit\u00e9 d&rsquo;Aunis et Saintonge (Charente-Maritime) 1790-1926 par Bruno Jean Texier<\/strong><\/p>\n<p>La pr\u00e9sente \u00e9tude se propose de replacer dans l\u2019histoire de curieux jetons-monnaie, tickets et billets aujourd\u2019hui oubli\u00e9s qui virent le jour, en marge des \u00e9missions mon\u00e9taires nationales officielles, comme la solution temporaire \u00e0 une \u00ab crise de la monnaie \u00bb engendr\u00e9e par les temps mouvement\u00e9s que le pays traversa depuis la R\u00e9volution Fran\u00e7aise jusqu\u2019\u00e0 la Premi\u00e8re Guerre Mondiale. Au-del\u00e0 d\u2019une r\u00e9ponse spontan\u00e9e \u00e0 cet \u00e9tat de crise, les monnaies de n\u00e9cessit\u00e9 furent la manifestation de profonds changements socio-\u00e9conomiques de notre soci\u00e9t\u00e9 avec l\u2019effondrement du Franc Germinal, en incarnant les instruments fugaces qui introduisirent universellement et irr\u00e9versiblement la monnaie fiduciaire que nous connaissons aujourd\u2019hui. Elles repr\u00e9sentent enfin un patrimoine local trop longtemps ignor\u00e9 qu\u2019il est important de red\u00e9couvrir presqu\u2019un si\u00e8cle apr\u00e8s leur disparition. Elles nous permettent en outre de relire d\u2019une mani\u00e8re plaisante, et sous un tout nouvel angle, quelques pages difficiles, voire insoup\u00e7onn\u00e9es, de notre Histoire de France.<\/p>\n<p>La pr\u00e9sentation des monnaies de n\u00e9cessit\u00e9 \u00e9tablie ici pour le seul d\u00e9partement de la Charente-Maritime retrace en d\u00e9tails et avec vigueur, un ph\u00e9nom\u00e8ne social aux retomb\u00e9es historiques et contextuelles qui d\u00e9bordent largement de ce cadre g\u00e9ographique choisi, pour s\u2019\u00e9tendre \u00e0 l\u2019\u00e9chelle nationale et europ\u00e9enne. Nous y retrouvons les \u00e9missions de monnaies de confiance r\u00e9volutionnaires parmi lesquelles l\u2019on retrouve des pi\u00e8ces fabriqu\u00e9es en m\u00e9tal de cloche et m\u00eame des cartes \u00e0 jouer, puis au 19e si\u00e8cle quelques sp\u00e9cimens mon\u00e9taires de charit\u00e9, de caf\u00e9, de loges ma\u00e7onniques, de coop\u00e9ratives de consommation, de soci\u00e9t\u00e9s mutualistes, de journaliers agricoles, et des toutes premi\u00e8res usines, conserveries alimentaires ou groupes industriels. Ce sera enfin durant la Premi\u00e8re Guerre Mondiale que l\u2019on vit l\u2019explosion des monnaies de n\u00e9cessit\u00e9, d\u2019abord par des \u00e9missions r\u00e9gionales de billets des chambres de commerce \u00e0 partir de 1915, puis par des associations de commer\u00e7ants, les r\u00e9giments militaires, les camps de prisonniers et leurs cantiniers, et finalement universellement par les simples commerces, entrepreneurs, \u00e9piceries, caf\u00e9s, cin\u00e9mas, casinos, transports en commun, banques et grandes chaines de magasins. Une fois l\u2019\u00e9conomie r\u00e9tablie et la crise de monnaie enray\u00e9e, les monnaies de n\u00e9cessit\u00e9 seront d\u00e9finitivement bannies par d\u00e9cret gouvernemental en 1926.<\/p>\n<p>Ce nouveau regard aujourd\u2019hui sur les monnaies de n\u00e9cessit\u00e9, ainsi que sur quelques insignes des \u0153uvres de guerre pr\u00e9sent\u00e9es dans cet ouvrage, tout en ravivant une identit\u00e9 r\u00e9gionaliste, illustre la d\u00e9termination g\u00e9n\u00e9rale d\u2019une soci\u00e9t\u00e9 de pr\u00e9server en temps de p\u00e9ril ses valeurs constitutionnelles fondamentales et au passage, retrace les pr\u00e9mices du coop\u00e9ratisme et des syst\u00e8mes d&rsquo;\u00e9conomie sociale mutualistes en France, ainsi que le d\u00e9veloppement des grands mouvements humanistes de solidarit\u00e9 nationale.<\/p>\n<p><a href=\"http:\/\/wikicollection.fr\/wp-content\/uploads\/2017\/11\/crise-monnaie.jpg\" data-rel=\"lightbox-image-0\" data-magnific_type=\"image\" data-rl_title=\"\" data-rl_caption=\"\" title=\"\"><img loading=\"lazy\" decoding=\"async\" class=\"alignnone wp-image-82470\" src=\"http:\/\/wikicollection.fr\/wp-content\/uploads\/2017\/11\/crise-monnaie.jpg\" alt=\"\" width=\"698\" height=\"979\" srcset=\"https:\/\/wikicollection.fr\/wp-content\/uploads\/2017\/11\/crise-monnaie.jpg 943w, https:\/\/wikicollection.fr\/wp-content\/uploads\/2017\/11\/crise-monnaie-445x624.jpg 445w, https:\/\/wikicollection.fr\/wp-content\/uploads\/2017\/11\/crise-monnaie-214x300.jpg 214w, https:\/\/wikicollection.fr\/wp-content\/uploads\/2017\/11\/crise-monnaie-768x1077.jpg 768w, https:\/\/wikicollection.fr\/wp-content\/uploads\/2017\/11\/crise-monnaie-730x1024.jpg 730w\" sizes=\"auto, (max-width: 698px) 100vw, 698px\" \/><\/a><\/p>\n<p><strong>Titre :<\/strong> La crise de la monnaie<br \/>\n<strong>Auteur :<\/strong> Bruno Jean Texier<br \/>\n<strong>Editeur :<\/strong> ACJM &#8211; Association des Collectionneurs de Jetons-Monnaie<br \/>\n<strong>Editeur :<\/strong> Arch\u00e9aunis<br \/>\n<strong>Ann\u00e9e d&rsquo;\u00e9dition :<\/strong> 2017<br \/>\n<strong>Langue :<\/strong> Fran\u00e7ais<br \/>\n<strong>Nombre de pages :<\/strong>\u00a0223<br \/>\n<strong>Prix public :<\/strong> 25\u20ac<\/p>\n<p>&nbsp;<\/p>\n<p><strong>Table des mati\u00e8res<\/strong><\/p>\n<table border=\"0\" width=\"700\" cellspacing=\"5\" cellpadding=\"5\">\n<tbody>\n<tr>\n<td valign=\"top\" width=\"50%\"><span style=\"font-size: medium;\"><strong>Introduction<br \/>\n<\/strong><strong>Historique<br \/>\n<\/strong><strong>Buts et m\u00e9thodes<br \/>\n<\/strong><strong>M\u00e9thode et pr\u00e9sentation<br \/>\n<\/strong><strong>Exclusions<br \/>\n<\/strong><strong>Liste des erreurs d\u2019attribution d\u00e9partementales<br \/>\n<\/strong><strong>Composition du catalogue<br \/>\n<\/strong><strong>Carte du d\u00e9partement de la Charente-Inf\u00e9rieure<br \/>\n<\/strong><\/span><span style=\"font-size: medium;\"><br \/>\n<strong>L\u2019\u00e9poque r\u00e9volutionnaire et les monnaies de confiance<\/strong><br \/>\n&#8211; Les billets de confiance<br \/>\n&#8211; Cartes \u00e0 jouer et monnaies de carte<br \/>\n&#8211; Les monnaies en m\u00e9tal de cloche de l\u2019H\u00f4tel de la Monnaie de La Rochelle<br \/>\n<strong><br \/>\n<\/strong><strong>Le 19e si\u00e8cle<br \/>\n<\/strong>&#8211; L\u2019anniversaire \u00e0 La Rochelle de la deuxi\u00e8me Restauration Monarchique<br \/>\n&#8211; La Loge de l\u2019Union Parfaite, Orient de La Rochelle<br \/>\n&#8211; La Loge de l\u2019Accord Parfait, Orient de Rochefort<br \/>\n&#8211; La Soci\u00e9t\u00e9 des Travailleurs Unis de Rochefort-sur-Mer<br \/>\n&#8211; Le Caf\u00e9 Fran\u00e7ais, \u00e0 Pons<br \/>\n&#8211; Les conserveries Benjamin Basset, \u00e0 La Rochelle<br \/>\n&#8211; L\u00e9gion agricole et les jetons de journaliers<br \/>\n&#8211; Les boulangeries coop\u00e9ratives<\/span><\/td>\n<td valign=\"top\" width=\"50%\"><span style=\"font-size: medium;\"><strong>Le 20e si\u00e8cle<br \/>\n<\/strong>&#8211; Les monnaies officielles de la Grande Guerre<br \/>\n&#8211; Les Chambres de Commerce<br \/>\n&#8211; Les villes, syndicats, unions, associations et coop\u00e9ratives de commer\u00e7ants<br \/>\n&#8211; Les \u00e9missions militaires<br \/>\n&#8211; Les monnaies des camps de prisonniers<br \/>\n&#8211; Les autres jetons de cantines militaires<br \/>\n&#8211; Les jetons des Tramways de La Rochelle<br \/>\n&#8211; Les industriels et grands entrepreneurs<br \/>\n&#8211; Les petits commerces et artisans<br \/>\n&#8211; Les cin\u00e9mas, caf\u00e9s, h\u00f4tels et restaurants<br \/>\n&#8211; Les casinos<br \/>\n&#8211; Les \u00e9missions mon\u00e9taires des banques et grands magasins<br \/>\n&#8211; L\u2019historique des timbres-monnaie en France<br \/>\n<strong><br \/>\n<\/strong><strong>Prolongements numismatiques<br \/>\n<\/strong>&#8211; Les insignes, m\u00e9dailles et cartes de la Semaine de la Charente-Inf\u00e9rieure<br \/>\n&#8211; Les \u0153uvres sociales et le Comit\u00e9 de Secours aux Victimes de Guerre<br \/>\n&#8211; Les billets des Unions \u00c9conomiques<br \/>\n&#8211; L\u2019iconographie : les sources d\u2019inspiration des artistes-graveur rochelais<br \/>\n&#8211; Les cartes postales numismatiques de la Grande Guerre<br \/>\n<strong><br \/>\n<\/strong><strong>R\u00e9f\u00e9rences cit\u00e9es<br \/>\n<\/strong><strong>Catalogue<\/strong><\/span><\/td>\n<\/tr>\n<\/tbody>\n<\/table>\n<p>&nbsp;<\/p>\n","protected":false},"excerpt":{"rendered":"<div class=\"NoSpacing\" style=\"text-align: left;\" align=\"center\">\u00ab\u00a0Impressionnant ! La mise en page est tr\u00e8s claire, tr\u00e8s lisible, le contenu est bien structur\u00e9, document\u00e9\u2026 Cet ouvrage est de tr\u00e8s grande qualit\u00e9 aussi bien de par sa mise en forme que par son contenu \u00bb<\/div>\n<div class=\"NoSpacing\" style=\"text-align: left;\" align=\"center\">\n<p><i>\u2013 Jean-Fran\u00e7ois MULLER, Pr\u00e9sident de l\u2019Association des Collectionneurs de Jetons-Monnaie<\/i><\/p>\n<p>&nbsp;<\/p>\n<\/div>\n<div style=\"text-align: left;\" align=\"center\"><\/div>\n<div align=\"center\"><\/div>\n","protected":false},"featured_media":85825,"comment_status":"open","ping_status":"closed","template":"","meta":[],"product_cat":[45],"product_tag":[],"class_list":{"0":"post-82469","1":"product","2":"type-product","3":"status-publish","4":"has-post-thumbnail","6":"product_cat-bibliographie","7":"product_shipping_class-livraison-colissimo","9":"first","10":"outofstock","11":"purchasable","12":"product-type-simple"},"_links":{"self":[{"href":"https:\/\/wikicollection.fr\/index.php?rest_route=\/wp\/v2\/product\/82469","targetHints":{"allow":["GET"]}}],"collection":[{"href":"https:\/\/wikicollection.fr\/index.php?rest_route=\/wp\/v2\/product"}],"about":[{"href":"https:\/\/wikicollection.fr\/index.php?rest_route=\/wp\/v2\/types\/product"}],"replies":[{"embeddable":true,"href":"https:\/\/wikicollection.fr\/index.php?rest_route=%2Fwp%2Fv2%2Fcomments&post=82469"}],"wp:featuredmedia":[{"embeddable":true,"href":"https:\/\/wikicollection.fr\/index.php?rest_route=\/wp\/v2\/media\/85825"}],"wp:attachment":[{"href":"https:\/\/wikicollection.fr\/index.php?rest_route=%2Fwp%2Fv2%2Fmedia&parent=82469"}],"wp:term":[{"taxonomy":"product_cat","embeddable":true,"href":"https:\/\/wikicollection.fr\/index.php?rest_route=%2Fwp%2Fv2%2Fproduct_cat&post=82469"},{"taxonomy":"product_tag","embeddable":true,"href":"https:\/\/wikicollection.fr\/index.php?rest_route=%2Fwp%2Fv2%2Fproduct_tag&post=82469"}],"curies":[{"name":"wp","href":"https:\/\/api.w.org\/{rel}","templated":true}]}}