{"id":51333,"date":"2016-09-18T20:38:16","date_gmt":"2016-09-18T19:38:16","guid":{"rendered":"http:\/\/wikicollection.fr\/?post_type=product&#038;p=51333"},"modified":"2018-03-25T16:28:52","modified_gmt":"2018-03-25T15:28:52","slug":"monographie-de-robert-deblander-par-antoinette-fay-halle","status":"publish","type":"product","link":"https:\/\/wikicollection.fr\/?product=monographie-de-robert-deblander-par-antoinette-fay-halle","title":{"rendered":"Monographie de Robert Deblander par Antoinette Fa\u00ff-Hall\u00e9"},"content":{"rendered":"<p>Robert Deblander est l&rsquo;un des grands c\u00e9ramistes fran\u00e7ais. Son \u0153uvre novatrice, empreinte de sobri\u00e9t\u00e9 exigeante,\u00a0s&rsquo;est d\u00e9velopp\u00e9e au cours de la seconde moiti\u00e9 du XXe si\u00e8cle, \u00e0 un moment pionnier de l&rsquo;art c\u00e9ramique.\u00a0Artiste complet et figure ind\u00e9pendante, il se distingue par des formes embl\u00e9matiques de poteries en gr\u00e8s\u00a0et en porcelaine, une subtile gamme color\u00e9e d&rsquo;\u00e9maux monochromes et la modernit\u00e9 de d\u00e9cors graphiques l\u00e9gers<br \/>\net libres, ainsi que par un important ensemble de sculptures abstraites en gr\u00e8s.<\/p>\n<p>Apr\u00e8s la r\u00e9trospective pr\u00e9sent\u00e9e\u00a0au mus\u00e9e de C\u00e9ramique de S\u00e8vres en 2001, Robert Deblander est revenu aux formes sculpturales qui l&rsquo;avaient passionn\u00e9\u00a0dans les ann\u00e9es 1970, et qu&rsquo;il avait poursuivies silencieusement, \u00e9voluant pour s&rsquo;affirmer \u00e0 pr\u00e9sent.\u00a0Des illustrations in\u00e9dites de c\u00e9ramiques anciennes et r\u00e9centes compl\u00e8tent cette nouvelle \u00e9dition.<\/p>\n<p><strong>Titre :<\/strong> Robert Deblander<br \/>\n<strong>Auteur:<\/strong> Antoinette Fa\u00ff-Hall\u00e9<br \/>\n<strong>Edition:<\/strong> La revue de la c\u00e9ramique et du verre, 2009<br \/>\n<strong>Pages:<\/strong> 168<br \/>\n<strong>Format:<\/strong> 20,5 x 22,5 cm, 170 illustrations en couleur<br \/>\n<strong>ISBN:<\/strong> 2-908988-45-3<br \/>\nOuvrage en fran\u00e7ais<\/p>\n","protected":false},"excerpt":{"rendered":"<p>La monographie de Robert Deblander par\u00a0Antoinette Fa\u00ff-Hall\u00e9 avec de tr\u00e8s nombreuses illustrations en couleur.<\/p>\n","protected":false},"featured_media":85826,"comment_status":"open","ping_status":"closed","template":"","meta":[],"product_cat":[45],"product_tag":[],"class_list":{"0":"post-51333","1":"product","2":"type-product","3":"status-publish","4":"has-post-thumbnail","6":"product_cat-bibliographie","7":"product_shipping_class-livraison-colissimo-petit-envoi","9":"first","10":"outofstock","11":"purchasable","12":"product-type-simple"},"_links":{"self":[{"href":"https:\/\/wikicollection.fr\/index.php?rest_route=\/wp\/v2\/product\/51333","targetHints":{"allow":["GET"]}}],"collection":[{"href":"https:\/\/wikicollection.fr\/index.php?rest_route=\/wp\/v2\/product"}],"about":[{"href":"https:\/\/wikicollection.fr\/index.php?rest_route=\/wp\/v2\/types\/product"}],"replies":[{"embeddable":true,"href":"https:\/\/wikicollection.fr\/index.php?rest_route=%2Fwp%2Fv2%2Fcomments&post=51333"}],"wp:featuredmedia":[{"embeddable":true,"href":"https:\/\/wikicollection.fr\/index.php?rest_route=\/wp\/v2\/media\/85826"}],"wp:attachment":[{"href":"https:\/\/wikicollection.fr\/index.php?rest_route=%2Fwp%2Fv2%2Fmedia&parent=51333"}],"wp:term":[{"taxonomy":"product_cat","embeddable":true,"href":"https:\/\/wikicollection.fr\/index.php?rest_route=%2Fwp%2Fv2%2Fproduct_cat&post=51333"},{"taxonomy":"product_tag","embeddable":true,"href":"https:\/\/wikicollection.fr\/index.php?rest_route=%2Fwp%2Fv2%2Fproduct_tag&post=51333"}],"curies":[{"name":"wp","href":"https:\/\/api.w.org\/{rel}","templated":true}]}}