{"id":41511,"date":"2016-05-21T07:14:31","date_gmt":"2016-05-21T06:14:31","guid":{"rendered":"http:\/\/wikicollection.fr\/?post_type=product&#038;p=41511"},"modified":"2025-09-09T12:42:28","modified_gmt":"2025-09-09T11:42:28","slug":"les-jetons-de-transport-francais-par-roland-elie","status":"publish","type":"product","link":"https:\/\/wikicollection.fr\/?product=les-jetons-de-transport-francais-par-roland-elie","title":{"rendered":"Les Jetons de Transport Fran\u00e7ais, par Roland Elie"},"content":{"rendered":"<p>Ce catalogue r\u00e9pertorie les \u00a0jetons de transport pour la France.<\/p>\n<p><strong>Editeur :\u00a0<\/strong>ACJM \u2013 Association des Collectionneurs de Jetons-Monnaie<br \/>\n<strong>Auteur :<\/strong> Elie ROLAND<br \/>\n<strong>Ann\u00e9e d\u2019\u00e9dition :<\/strong> 1995<br \/>\n<strong>Format :<\/strong> 20,5\u00d729,5<br \/>\n<strong>Poids :<\/strong> 375 g<br \/>\n<strong>Langue :<\/strong> Fran\u00e7ais<br \/>\n<strong>Nombre de pages :<\/strong> 131<br \/>\n<strong>Prix public :<\/strong> 20\u20ac<br \/>\nOuvrage broch\u00e9.<\/p>\n","protected":false},"excerpt":{"rendered":"<p>Edition 1995\u00a0par Roland\u00a0Elie. Prix public 20eur !!!<br \/>\nR\u00e9pertorie 240 jetons de transports fran\u00e7ais, class\u00e9s par ville et c\u00f4t\u00e9s en francs. 131 pages.<\/p>\n","protected":false},"featured_media":85822,"comment_status":"open","ping_status":"closed","template":"","meta":[],"product_cat":[45],"product_tag":[],"class_list":{"0":"post-41511","1":"product","2":"type-product","3":"status-publish","4":"has-post-thumbnail","6":"product_cat-bibliographie","7":"product_shipping_class-livraison-colissimo-petit-envoi","9":"first","10":"instock","11":"sold-individually","12":"purchasable","13":"product-type-simple"},"_links":{"self":[{"href":"https:\/\/wikicollection.fr\/index.php?rest_route=\/wp\/v2\/product\/41511","targetHints":{"allow":["GET"]}}],"collection":[{"href":"https:\/\/wikicollection.fr\/index.php?rest_route=\/wp\/v2\/product"}],"about":[{"href":"https:\/\/wikicollection.fr\/index.php?rest_route=\/wp\/v2\/types\/product"}],"replies":[{"embeddable":true,"href":"https:\/\/wikicollection.fr\/index.php?rest_route=%2Fwp%2Fv2%2Fcomments&post=41511"}],"wp:featuredmedia":[{"embeddable":true,"href":"https:\/\/wikicollection.fr\/index.php?rest_route=\/wp\/v2\/media\/85822"}],"wp:attachment":[{"href":"https:\/\/wikicollection.fr\/index.php?rest_route=%2Fwp%2Fv2%2Fmedia&parent=41511"}],"wp:term":[{"taxonomy":"product_cat","embeddable":true,"href":"https:\/\/wikicollection.fr\/index.php?rest_route=%2Fwp%2Fv2%2Fproduct_cat&post=41511"},{"taxonomy":"product_tag","embeddable":true,"href":"https:\/\/wikicollection.fr\/index.php?rest_route=%2Fwp%2Fv2%2Fproduct_tag&post=41511"}],"curies":[{"name":"wp","href":"https:\/\/api.w.org\/{rel}","templated":true}]}}