{"id":41507,"date":"2016-05-21T06:31:56","date_gmt":"2016-05-21T05:31:56","guid":{"rendered":"http:\/\/wikicollection.fr\/?post_type=product&#038;p=41507"},"modified":"2026-03-21T10:34:04","modified_gmt":"2026-03-21T09:34:04","slug":"monnaie-de-necessite-jetons-monnaie-dalsace-et-moselle","status":"publish","type":"product","link":"https:\/\/wikicollection.fr\/?product=monnaie-de-necessite-jetons-monnaie-dalsace-et-moselle","title":{"rendered":"Jetons-Monnaie d\u2019Alsace et Moselle, par Alain Marchand"},"content":{"rendered":"<p>Ce catalogue r\u00e9pertorie les jetons d&rsquo;Alsace et Moselle. Il comprend bien s\u00fbr de nombreux jetons-monnaie de la p\u00e9riode d\u2019annexation par l\u2019Allemagne (1871-1918). Les monnaies sont en majorit\u00e9 dessin\u00e9es, le tout \u00e9tant agr\u00e9ment\u00e9 de nombreuses cartes postales d\u2019\u00e9poque\u2026 Cet ouvrage r\u00e9pertorie plus de 2000 jetons-monnaie pour les d\u00e9partements de la Moselle, du Bas-Rhin et du Haut-Rhin c\u00f4t\u00e9s en TTB et SUP dont environ 1800 repr\u00e9sent\u00e9s. Ces jetons sont tr\u00e8s recherch\u00e9s et int\u00e9resse des collectionneurs pour la France et l\u2019Allemagne. De plus, leurs \u00e9missions furent tr\u00e8s r\u00e9duites.<\/p>\n<p>Editeur:\u00a0ACJM \u2013 Association des Collectionneurs de Jetons-Monnaie<br \/>\nAuteur: Alain MARCHAND<br \/>\nAnn\u00e9e d\u2019\u00e9dition: 2006<br \/>\nFormat : 22\u00d730,5<br \/>\nPoids: 1,6 Kg<br \/>\nLangue: Fran\u00e7ais<br \/>\nNombre de pages:\u00a0380<br \/>\nPrix public: 65\u20ac<br \/>\nOuvrage reli\u00e9 avec couverture simili.<\/p>\n<p>&nbsp;<\/p>\n<p>&nbsp;<\/p>\n","protected":false},"excerpt":{"rendered":"<p>Edition 2006 par Alain Marchand. Prix public 65eur !!!<br \/>\nR\u00e9pertorie 2000 jetons class\u00e9s par ville (dont 1800 repr\u00e9sent\u00e9s) et c\u00f4t\u00e9s en euros. 380 pages.<\/p>\n","protected":false},"featured_media":85827,"comment_status":"open","ping_status":"closed","template":"","meta":[],"product_cat":[45],"product_tag":[],"class_list":{"0":"post-41507","1":"product","2":"type-product","3":"status-publish","4":"has-post-thumbnail","6":"product_cat-bibliographie","7":"product_shipping_class-livraison-colissimo","9":"first","10":"outofstock","11":"sold-individually","12":"purchasable","13":"product-type-simple"},"_links":{"self":[{"href":"https:\/\/wikicollection.fr\/index.php?rest_route=\/wp\/v2\/product\/41507","targetHints":{"allow":["GET"]}}],"collection":[{"href":"https:\/\/wikicollection.fr\/index.php?rest_route=\/wp\/v2\/product"}],"about":[{"href":"https:\/\/wikicollection.fr\/index.php?rest_route=\/wp\/v2\/types\/product"}],"replies":[{"embeddable":true,"href":"https:\/\/wikicollection.fr\/index.php?rest_route=%2Fwp%2Fv2%2Fcomments&post=41507"}],"wp:featuredmedia":[{"embeddable":true,"href":"https:\/\/wikicollection.fr\/index.php?rest_route=\/wp\/v2\/media\/85827"}],"wp:attachment":[{"href":"https:\/\/wikicollection.fr\/index.php?rest_route=%2Fwp%2Fv2%2Fmedia&parent=41507"}],"wp:term":[{"taxonomy":"product_cat","embeddable":true,"href":"https:\/\/wikicollection.fr\/index.php?rest_route=%2Fwp%2Fv2%2Fproduct_cat&post=41507"},{"taxonomy":"product_tag","embeddable":true,"href":"https:\/\/wikicollection.fr\/index.php?rest_route=%2Fwp%2Fv2%2Fproduct_tag&post=41507"}],"curies":[{"name":"wp","href":"https:\/\/api.w.org\/{rel}","templated":true}]}}