{"id":126561,"date":"2025-03-20T23:16:49","date_gmt":"2025-03-20T22:16:49","guid":{"rendered":"https:\/\/wikicollection.fr\/?post_type=product&#038;p=126561"},"modified":"2025-03-20T23:19:53","modified_gmt":"2025-03-20T22:19:53","slug":"bulletin-acjm-n62-au-format-numerique-novembre-2021","status":"publish","type":"product","link":"https:\/\/wikicollection.fr\/?product=bulletin-acjm-n62-au-format-numerique-novembre-2021","title":{"rendered":"Bulletin ACJM n\u00b062 au format num\u00e9rique \/ novembre 2021"},"content":{"rendered":"<p><strong>Bulletin ACJM n\u00b062 au format num\u00e9rique<\/strong><\/p>\n<p><a href=\"https:\/\/wikicollection.fr\/wp-content\/uploads\/2025\/03\/Revue-62_impression_page-0001e.jpg\" data-rel=\"lightbox-image-0\" data-magnific_type=\"image\" data-rl_title=\"\" data-rl_caption=\"\" title=\"\"><img loading=\"lazy\" decoding=\"async\" class=\"alignnone wp-image-126563 size-full\" src=\"https:\/\/wikicollection.fr\/wp-content\/uploads\/2025\/03\/Revue-62_impression_page-0001e.jpg\" alt=\"\" width=\"593\" height=\"839\" srcset=\"https:\/\/wikicollection.fr\/wp-content\/uploads\/2025\/03\/Revue-62_impression_page-0001e.jpg 593w, https:\/\/wikicollection.fr\/wp-content\/uploads\/2025\/03\/Revue-62_impression_page-0001e-212x300.jpg 212w, https:\/\/wikicollection.fr\/wp-content\/uploads\/2025\/03\/Revue-62_impression_page-0001e-445x630.jpg 445w\" sizes=\"auto, (max-width: 593px) 100vw, 593px\" \/><\/a><\/p>\n<p>&nbsp;<\/p>\n<p><strong>Sommaire<\/strong><\/p>\n<p>La Chapellerie Mossant par C. Gaillard et L. Nesly &#8230;&#8230;&#8230;&#8230;&#8230;&#8230;&#8230;&#8230;&#8230;&#8230;&#8230;&#8230;&#8230;&#8230;&#8230;&#8230;&#8230;&#8230;&#8230;&#8230;&#8230;&#8230;&#8230;&#8230;&#8230;.5<br \/>\nFuniculaire de Belleville par Bernard Carruesco &#8230;&#8230;&#8230;&#8230;&#8230;&#8230;&#8230;&#8230;&#8230;&#8230;&#8230;&#8230;&#8230;&#8230;&#8230;&#8230;&#8230;&#8230;&#8230;&#8230;&#8230;&#8230;&#8230;&#8230;&#8230;&#8230;..8<br \/>\nLes jetons russes d\u2019expression fran\u00e7aise par L. Nesly, C. Gaillard et S. Zaitsev &#8230;&#8230;&#8230;&#8230;&#8230;&#8230;&#8230;&#8230;&#8230;.9<br \/>\nPetite histoire de la verrerie de Fains-les-Sources (Meuse) par \u00c9ric Nicolas Labineau &#8230;&#8230;&#8230;&#8230;..16<br \/>\nLes Mines d\u2019Amermont \u2013 Dommary \u00e0 Bouligny (Meuse) par \u00c9ric Nicolas Labineau &#8230;&#8230;&#8230;&#8230;&#8230;&#8230;17<br \/>\nLes timbres-monnaie fran\u00e7ais compl\u00e9ments au catalogue Broustine par Fran\u00e7ois H\u00e8de &#8230;&#8230;.18<br \/>\nLes jetons des automates photomaton par Laurent Nesly &#8230;&#8230;&#8230;&#8230;&#8230;&#8230;&#8230;&#8230;&#8230;&#8230;&#8230;&#8230;&#8230;&#8230;&#8230;&#8230;&#8230;&#8230;&#8230;&#8230;21<br \/>\nIn\u00e9dits : Les jetons m\u00e9talliques des cercles de casinos par Denis Courtois &#8230;&#8230;&#8230;&#8230;&#8230;&#8230;&#8230;&#8230;&#8230;&#8230;.23<br \/>\nL&rsquo;octroi, un imp\u00f4t au profit des villes par \u00c9ric Nicolas Labineau &#8230;&#8230;&#8230;&#8230;&#8230;&#8230;&#8230;&#8230;&#8230;&#8230;&#8230;&#8230;&#8230;&#8230;&#8230;&#8230;..25<br \/>\nDons de l&rsquo;ACJM et ses adh\u00e9rents &#8230;&#8230;&#8230;&#8230;&#8230;&#8230;&#8230;&#8230;&#8230;&#8230;&#8230;&#8230;&#8230;&#8230;&#8230;&#8230;&#8230;&#8230;&#8230;&#8230;&#8230;&#8230;&#8230;&#8230;&#8230;&#8230;&#8230;&#8230;&#8230;&#8230;&#8230;&#8230;&#8230;&#8230;..27<br \/>\nAnnonces &#8230;&#8230;&#8230;&#8230;&#8230;&#8230;&#8230;&#8230;&#8230;&#8230;&#8230;&#8230;&#8230;&#8230;&#8230;&#8230;&#8230;&#8230;&#8230;&#8230;&#8230;&#8230;&#8230;&#8230;&#8230;&#8230;&#8230;&#8230;&#8230;&#8230;&#8230;&#8230;&#8230;&#8230;&#8230;&#8230;&#8230;&#8230;&#8230;&#8230;&#8230;&#8230;&#8230;&#8230;&#8230;&#8230;&#8230;&#8230;28<\/p>\n","protected":false},"excerpt":{"rendered":"<p>Bulletin semestriel \u00e9dit\u00e9 par l\u2019Association des Collectionneurs de Jetons-Monnaie<\/p>\n","protected":false},"featured_media":126564,"comment_status":"open","ping_status":"closed","template":"","meta":[],"product_cat":[203],"product_tag":[],"class_list":{"0":"post-126561","1":"product","2":"type-product","3":"status-publish","4":"has-post-thumbnail","6":"product_cat-etudes","8":"first","9":"instock","10":"downloadable","11":"virtual","12":"purchasable","13":"product-type-simple"},"_links":{"self":[{"href":"https:\/\/wikicollection.fr\/index.php?rest_route=\/wp\/v2\/product\/126561","targetHints":{"allow":["GET"]}}],"collection":[{"href":"https:\/\/wikicollection.fr\/index.php?rest_route=\/wp\/v2\/product"}],"about":[{"href":"https:\/\/wikicollection.fr\/index.php?rest_route=\/wp\/v2\/types\/product"}],"replies":[{"embeddable":true,"href":"https:\/\/wikicollection.fr\/index.php?rest_route=%2Fwp%2Fv2%2Fcomments&post=126561"}],"wp:featuredmedia":[{"embeddable":true,"href":"https:\/\/wikicollection.fr\/index.php?rest_route=\/wp\/v2\/media\/126564"}],"wp:attachment":[{"href":"https:\/\/wikicollection.fr\/index.php?rest_route=%2Fwp%2Fv2%2Fmedia&parent=126561"}],"wp:term":[{"taxonomy":"product_cat","embeddable":true,"href":"https:\/\/wikicollection.fr\/index.php?rest_route=%2Fwp%2Fv2%2Fproduct_cat&post=126561"},{"taxonomy":"product_tag","embeddable":true,"href":"https:\/\/wikicollection.fr\/index.php?rest_route=%2Fwp%2Fv2%2Fproduct_tag&post=126561"}],"curies":[{"name":"wp","href":"https:\/\/api.w.org\/{rel}","templated":true}]}}