{"id":126551,"date":"2025-03-15T23:04:39","date_gmt":"2025-03-15T22:04:39","guid":{"rendered":"https:\/\/wikicollection.fr\/?post_type=product&#038;p=126551"},"modified":"2025-03-20T23:02:06","modified_gmt":"2025-03-20T22:02:06","slug":"bulletin-acjm-n68-au-format-numerique-novembre-2024","status":"publish","type":"product","link":"https:\/\/wikicollection.fr\/?product=bulletin-acjm-n68-au-format-numerique-novembre-2024","title":{"rendered":"Bulletin ACJM n\u00b068 au format num\u00e9rique \/ novembre 2024"},"content":{"rendered":"<p><strong>Bulletin ACJM n\u00b068 au format num\u00e9rique<\/strong><\/p>\n<p><a href=\"https:\/\/wikicollection.fr\/wp-content\/uploads\/2025\/03\/Bulletin-68-BD-pour-envoi_page-0001.jpg\" data-rel=\"lightbox-image-0\" data-magnific_type=\"image\" data-rl_title=\"\" data-rl_caption=\"\" title=\"\"><img loading=\"lazy\" decoding=\"async\" class=\"alignnone wp-image-126553 size-large\" src=\"https:\/\/wikicollection.fr\/wp-content\/uploads\/2025\/03\/Bulletin-68-BD-pour-envoi_page-0001-725x1024.jpg\" alt=\"\" width=\"725\" height=\"1024\" srcset=\"https:\/\/wikicollection.fr\/wp-content\/uploads\/2025\/03\/Bulletin-68-BD-pour-envoi_page-0001-725x1024.jpg 725w, https:\/\/wikicollection.fr\/wp-content\/uploads\/2025\/03\/Bulletin-68-BD-pour-envoi_page-0001-212x300.jpg 212w, https:\/\/wikicollection.fr\/wp-content\/uploads\/2025\/03\/Bulletin-68-BD-pour-envoi_page-0001-768x1085.jpg 768w, https:\/\/wikicollection.fr\/wp-content\/uploads\/2025\/03\/Bulletin-68-BD-pour-envoi_page-0001-1087x1536.jpg 1087w, https:\/\/wikicollection.fr\/wp-content\/uploads\/2025\/03\/Bulletin-68-BD-pour-envoi_page-0001-445x629.jpg 445w, https:\/\/wikicollection.fr\/wp-content\/uploads\/2025\/03\/Bulletin-68-BD-pour-envoi_page-0001.jpg 1243w\" sizes=\"auto, (max-width: 725px) 100vw, 725px\" \/><\/a><\/p>\n<p>&nbsp;<\/p>\n<p><strong>Sommaire<\/strong><\/p>\n<p>LABINIEAU \u00c9ric-Nicolas \u2013 Le Cercle de la Jeune France de Rougiers [83] . . . . . . . . . . . . . . . . . . . . . . . . 3<br \/>\nLABINIEAU \u00c9ric-Nicolas \u2013 Approvisionnements G\u00e9n\u00e9raux Michaux \u00e0 Pussay [91] . . . . . . . . . . . . . . . . 5<br \/>\nSALA\u00dcN Gilles, GUIHARD Jean-Luc \u2013 Les jetons de passage de la Loire . . . . . . . . . . . . . . . . . . . . . . . . . 8<br \/>\nCOURTOIS Denis \u2013 L\u2019\u0153uvre des malades et des jeunes enfants pauvres de Levallois-Perret. . . . . .\u00a0 21<br \/>\nLIGN\u00c9 Jean-Paul \u2013 Eaux, glaces et bateaux lavoirs . . . . . . . . . . . . . . . . . . . . . . . . . . . . . . . . . . . . . . . . . .\u00a0 23<br \/>\nTHIERRY Jean-Claude \u2013 Un collectionneur, une passion . . . . . . . . . . . . . . . . . . . . . . . . . . . . . . . . . . . . . . 26<br \/>\nCOURTOIS Denis, NESLY Laurent \u2013 La Monnaie de Paris confie le recollement de ses<br \/>\ncollections \u00e0 l\u2019ACJM . . . . . . . . . . . . . . . . . . . . . . . . . . . . . . . . . . . . . . . . . . . . . . . . . . . . . . . . . . . . . . . . . . . . .\u00a0 29<br \/>\nCOURTOIS Denis \u2013 L\u2019ACJM reconnue \u00ab organisme d\u2019int\u00e9r\u00eat g\u00e9n\u00e9ral\u00bb . . . . . . . . . . . . . . . . . . . . . . . . . . . 30<br \/>\nANNONCES . . . . . . . . . . . . . . . . . . . . . . . . . . . . . . . . . . . . . . . . . . . . . . . . . . . . . . . . . . . . . . . . . . . . . . . . . . . . 32<\/p>\n","protected":false},"excerpt":{"rendered":"<p>Bulletin semestriel \u00e9dit\u00e9 par l\u2019Association des Collectionneurs de Jetons-Monnaie<\/p>\n","protected":false},"featured_media":126554,"comment_status":"open","ping_status":"closed","template":"","meta":[],"product_cat":[203],"product_tag":[],"class_list":{"0":"post-126551","1":"product","2":"type-product","3":"status-publish","4":"has-post-thumbnail","6":"product_cat-etudes","8":"first","9":"instock","10":"downloadable","11":"virtual","12":"purchasable","13":"product-type-simple"},"_links":{"self":[{"href":"https:\/\/wikicollection.fr\/index.php?rest_route=\/wp\/v2\/product\/126551","targetHints":{"allow":["GET"]}}],"collection":[{"href":"https:\/\/wikicollection.fr\/index.php?rest_route=\/wp\/v2\/product"}],"about":[{"href":"https:\/\/wikicollection.fr\/index.php?rest_route=\/wp\/v2\/types\/product"}],"replies":[{"embeddable":true,"href":"https:\/\/wikicollection.fr\/index.php?rest_route=%2Fwp%2Fv2%2Fcomments&post=126551"}],"wp:featuredmedia":[{"embeddable":true,"href":"https:\/\/wikicollection.fr\/index.php?rest_route=\/wp\/v2\/media\/126554"}],"wp:attachment":[{"href":"https:\/\/wikicollection.fr\/index.php?rest_route=%2Fwp%2Fv2%2Fmedia&parent=126551"}],"wp:term":[{"taxonomy":"product_cat","embeddable":true,"href":"https:\/\/wikicollection.fr\/index.php?rest_route=%2Fwp%2Fv2%2Fproduct_cat&post=126551"},{"taxonomy":"product_tag","embeddable":true,"href":"https:\/\/wikicollection.fr\/index.php?rest_route=%2Fwp%2Fv2%2Fproduct_tag&post=126551"}],"curies":[{"name":"wp","href":"https:\/\/api.w.org\/{rel}","templated":true}]}}