{"id":126351,"date":"2024-10-26T21:53:00","date_gmt":"2024-10-26T20:53:00","guid":{"rendered":"https:\/\/wikicollection.fr\/?post_type=product&#038;p=126351"},"modified":"2024-10-26T21:53:59","modified_gmt":"2024-10-26T20:53:59","slug":"ouvrage-numerique-annuaire-reirum-1894","status":"publish","type":"product","link":"https:\/\/wikicollection.fr\/?product=ouvrage-numerique-annuaire-reirum-1894","title":{"rendered":"Ouvrage num\u00e9rique &#8211; Annuaire reirum 1894"},"content":{"rendered":"<p><a href=\"https:\/\/wikicollection.fr\/wp-content\/uploads\/2024\/10\/reirum1-scaled.jpg\" data-rel=\"lightbox-image-0\" data-magnific_type=\"image\" data-rl_title=\"\" data-rl_caption=\"\" title=\"\"><img loading=\"lazy\" decoding=\"async\" class=\"alignnone wp-image-126352\" src=\"https:\/\/wikicollection.fr\/wp-content\/uploads\/2024\/10\/reirum1-scaled.jpg\" alt=\"\" width=\"600\" height=\"877\" srcset=\"https:\/\/wikicollection.fr\/wp-content\/uploads\/2024\/10\/reirum1-scaled.jpg 1751w, https:\/\/wikicollection.fr\/wp-content\/uploads\/2024\/10\/reirum1-205x300.jpg 205w, https:\/\/wikicollection.fr\/wp-content\/uploads\/2024\/10\/reirum1-700x1024.jpg 700w, https:\/\/wikicollection.fr\/wp-content\/uploads\/2024\/10\/reirum1-768x1123.jpg 768w, https:\/\/wikicollection.fr\/wp-content\/uploads\/2024\/10\/reirum1-1051x1536.jpg 1051w, https:\/\/wikicollection.fr\/wp-content\/uploads\/2024\/10\/reirum1-1401x2048.jpg 1401w, https:\/\/wikicollection.fr\/wp-content\/uploads\/2024\/10\/reirum1-445x651.jpg 445w\" sizes=\"auto, (max-width: 600px) 100vw, 600px\" \/><\/a><\/p>\n","protected":false},"excerpt":{"rendered":"<p>Tr\u00e8s rare ouvrage r\u00e9pertoriant les adresses des maisons de tol\u00e9rance France, colonies et \u00e9tranger pour 1894.<\/p>\n","protected":false},"featured_media":126353,"comment_status":"open","ping_status":"closed","template":"","meta":[],"product_cat":[45],"product_tag":[],"class_list":{"0":"post-126351","1":"product","2":"type-product","3":"status-publish","4":"has-post-thumbnail","6":"product_cat-bibliographie","8":"first","9":"instock","10":"downloadable","11":"virtual","12":"purchasable","13":"product-type-simple"},"_links":{"self":[{"href":"https:\/\/wikicollection.fr\/index.php?rest_route=\/wp\/v2\/product\/126351","targetHints":{"allow":["GET"]}}],"collection":[{"href":"https:\/\/wikicollection.fr\/index.php?rest_route=\/wp\/v2\/product"}],"about":[{"href":"https:\/\/wikicollection.fr\/index.php?rest_route=\/wp\/v2\/types\/product"}],"replies":[{"embeddable":true,"href":"https:\/\/wikicollection.fr\/index.php?rest_route=%2Fwp%2Fv2%2Fcomments&post=126351"}],"wp:featuredmedia":[{"embeddable":true,"href":"https:\/\/wikicollection.fr\/index.php?rest_route=\/wp\/v2\/media\/126353"}],"wp:attachment":[{"href":"https:\/\/wikicollection.fr\/index.php?rest_route=%2Fwp%2Fv2%2Fmedia&parent=126351"}],"wp:term":[{"taxonomy":"product_cat","embeddable":true,"href":"https:\/\/wikicollection.fr\/index.php?rest_route=%2Fwp%2Fv2%2Fproduct_cat&post=126351"},{"taxonomy":"product_tag","embeddable":true,"href":"https:\/\/wikicollection.fr\/index.php?rest_route=%2Fwp%2Fv2%2Fproduct_tag&post=126351"}],"curies":[{"name":"wp","href":"https:\/\/api.w.org\/{rel}","templated":true}]}}