{"id":123849,"date":"2021-09-27T09:32:40","date_gmt":"2021-09-27T08:32:40","guid":{"rendered":"https:\/\/wikicollection.fr\/?post_type=product&#038;p=123849"},"modified":"2021-09-27T09:33:16","modified_gmt":"2021-09-27T08:33:16","slug":"bulletin-acjm-n4","status":"publish","type":"product","link":"https:\/\/wikicollection.fr\/?product=bulletin-acjm-n4","title":{"rendered":"Bulletin ACJM n\u00b04"},"content":{"rendered":"<p>Bulletin ACJM au format papier de 29 pages pr\u00e9sentant les th\u00e9matiques suivantes :<br \/>\n&#8211; Le jeton comm\u00e9moratif de l&rsquo;ACJM<br \/>\n&#8211; Les jetons populaires du d\u00e9partement du Nord (59). Arrondissement de Lille.<br \/>\n&#8211; Notes \u00e0 b\u00e2tons rompus \u00e0 propos ou autour de certains jetons GE<br \/>\n&#8211; Mise au point concernant l&rsquo;identification d&rsquo;un jeton de pain<br \/>\n&#8211; Jeton d&rsquo;entr\u00e9e au Jardin Zoologique de Bruxelles<br \/>\n&#8211; Les Jetons de transport fran\u00e7ais. Commentaires de G. Ginion<br \/>\n&#8211; Et toujours, la fabrique de chapeaux C.C.&amp;B. de Corbeil Essonnes<\/p>\n","protected":false},"excerpt":{"rendered":"<p>Bulletin ACJM au format papier de 29 pages<\/p>\n","protected":false},"featured_media":106263,"comment_status":"open","ping_status":"closed","template":"","meta":[],"product_cat":[203],"product_tag":[],"class_list":{"0":"post-123849","1":"product","2":"type-product","3":"status-publish","4":"has-post-thumbnail","6":"product_cat-etudes","7":"product_shipping_class-livraison-envoi-tres-leger","9":"first","10":"instock","11":"purchasable","12":"product-type-simple"},"_links":{"self":[{"href":"https:\/\/wikicollection.fr\/index.php?rest_route=\/wp\/v2\/product\/123849","targetHints":{"allow":["GET"]}}],"collection":[{"href":"https:\/\/wikicollection.fr\/index.php?rest_route=\/wp\/v2\/product"}],"about":[{"href":"https:\/\/wikicollection.fr\/index.php?rest_route=\/wp\/v2\/types\/product"}],"replies":[{"embeddable":true,"href":"https:\/\/wikicollection.fr\/index.php?rest_route=%2Fwp%2Fv2%2Fcomments&post=123849"}],"wp:featuredmedia":[{"embeddable":true,"href":"https:\/\/wikicollection.fr\/index.php?rest_route=\/wp\/v2\/media\/106263"}],"wp:attachment":[{"href":"https:\/\/wikicollection.fr\/index.php?rest_route=%2Fwp%2Fv2%2Fmedia&parent=123849"}],"wp:term":[{"taxonomy":"product_cat","embeddable":true,"href":"https:\/\/wikicollection.fr\/index.php?rest_route=%2Fwp%2Fv2%2Fproduct_cat&post=123849"},{"taxonomy":"product_tag","embeddable":true,"href":"https:\/\/wikicollection.fr\/index.php?rest_route=%2Fwp%2Fv2%2Fproduct_tag&post=123849"}],"curies":[{"name":"wp","href":"https:\/\/api.w.org\/{rel}","templated":true}]}}