{"id":123845,"date":"2021-09-27T09:10:09","date_gmt":"2021-09-27T08:10:09","guid":{"rendered":"https:\/\/wikicollection.fr\/?post_type=product&#038;p=123845"},"modified":"2021-09-27T09:10:10","modified_gmt":"2021-09-27T08:10:10","slug":"bulletin-acjm-n18","status":"publish","type":"product","link":"https:\/\/wikicollection.fr\/?product=bulletin-acjm-n18","title":{"rendered":"Bulletin ACJM n\u00b018"},"content":{"rendered":"<p>Bulletin ACJM au support papier pr\u00e9sentant les th\u00e9matiques suivantes :<br \/>\n&#8211; Jetons La Bi\u00e8re<br \/>\n&#8211; Rouen : Vari\u00e9t\u00e9s Ch. de Commerce et Ligue des Commer\u00e7ants<br \/>\n&#8211; Besan\u00e7on dies sold at US auction<br \/>\n&#8211; Jetons des forges de Clabecq<br \/>\n&#8211; Compagnonage et numismatique<br \/>\n&#8211; Lesp\u00e8s, salon de coiffure parisien<br \/>\n&#8211; Caf\u00e9s concerts parisiens : l&rsquo;Eldorado, le Jardin de Paris et la Scala&#8230;<br \/>\n&#8211; Etablissements Saint Nicolas<br \/>\n&#8211; Brasserie Dreher<\/p>\n","protected":false},"excerpt":{"rendered":"<p>Bulletin ACJM au support papier pr\u00e9sentant les th\u00e9matiques suivantes : &#8211; Jetons La Bi\u00e8re &#8211; Rouen : Vari\u00e9t\u00e9s Ch. de<\/p>\n","protected":false},"featured_media":122635,"comment_status":"open","ping_status":"closed","template":"","meta":[],"product_cat":[203],"product_tag":[],"class_list":{"0":"post-123845","1":"product","2":"type-product","3":"status-publish","4":"has-post-thumbnail","6":"product_cat-etudes","7":"product_shipping_class-livraison-envoi-tres-leger","9":"first","10":"instock","11":"purchasable","12":"product-type-simple"},"_links":{"self":[{"href":"https:\/\/wikicollection.fr\/index.php?rest_route=\/wp\/v2\/product\/123845","targetHints":{"allow":["GET"]}}],"collection":[{"href":"https:\/\/wikicollection.fr\/index.php?rest_route=\/wp\/v2\/product"}],"about":[{"href":"https:\/\/wikicollection.fr\/index.php?rest_route=\/wp\/v2\/types\/product"}],"replies":[{"embeddable":true,"href":"https:\/\/wikicollection.fr\/index.php?rest_route=%2Fwp%2Fv2%2Fcomments&post=123845"}],"wp:featuredmedia":[{"embeddable":true,"href":"https:\/\/wikicollection.fr\/index.php?rest_route=\/wp\/v2\/media\/122635"}],"wp:attachment":[{"href":"https:\/\/wikicollection.fr\/index.php?rest_route=%2Fwp%2Fv2%2Fmedia&parent=123845"}],"wp:term":[{"taxonomy":"product_cat","embeddable":true,"href":"https:\/\/wikicollection.fr\/index.php?rest_route=%2Fwp%2Fv2%2Fproduct_cat&post=123845"},{"taxonomy":"product_tag","embeddable":true,"href":"https:\/\/wikicollection.fr\/index.php?rest_route=%2Fwp%2Fv2%2Fproduct_tag&post=123845"}],"curies":[{"name":"wp","href":"https:\/\/api.w.org\/{rel}","templated":true}]}}