{"id":121575,"date":"2021-01-09T23:56:37","date_gmt":"2021-01-09T22:56:37","guid":{"rendered":"https:\/\/wikicollection.fr\/?post_type=product&#038;p=121575"},"modified":"2025-03-26T21:19:11","modified_gmt":"2025-03-26T20:19:11","slug":"article-numerique-acjm-les-jetons-de-caisses-de-banques-par-m-paynat","status":"publish","type":"product","link":"https:\/\/wikicollection.fr\/?product=article-numerique-acjm-les-jetons-de-caisses-de-banques-par-m-paynat","title":{"rendered":"Article num\u00e9rique ACJM &#8211; Les jetons de caisses de banques par M. Paynat"},"content":{"rendered":"<p>Ce num\u00e9ro sp\u00e9cial d&rsquo;une quarantaine de pages traite des jetons de caisses de banques qui \u00e9taient d\u00e9di\u00e9s au traitements d&rsquo;op\u00e9rations sp\u00e9cifiques. Ce hors-s\u00e9rie pr\u00e9sente les diff\u00e9rentes fonctions de contr\u00f4le puis recense pour les \u00e9tablissements concern\u00e9s avec un descriptif historique plus d&rsquo;une centaine de jetons.<\/p>\n<p><a href=\"https:\/\/wikicollection.fr\/wp-content\/uploads\/2021\/01\/HS4-0b.jpg\" data-rel=\"lightbox-image-0\" data-magnific_type=\"image\" data-rl_title=\"\" data-rl_caption=\"\" title=\"\"><img loading=\"lazy\" decoding=\"async\" class=\"alignnone wp-image-121579\" src=\"https:\/\/wikicollection.fr\/wp-content\/uploads\/2021\/01\/HS4-0b.jpg\" alt=\"\" width=\"516\" height=\"730\" srcset=\"https:\/\/wikicollection.fr\/wp-content\/uploads\/2021\/01\/HS4-0b.jpg 1800w, https:\/\/wikicollection.fr\/wp-content\/uploads\/2021\/01\/HS4-0b-445x630.jpg 445w, https:\/\/wikicollection.fr\/wp-content\/uploads\/2021\/01\/HS4-0b-212x300.jpg 212w, https:\/\/wikicollection.fr\/wp-content\/uploads\/2021\/01\/HS4-0b-723x1024.jpg 723w, https:\/\/wikicollection.fr\/wp-content\/uploads\/2021\/01\/HS4-0b-768x1087.jpg 768w, https:\/\/wikicollection.fr\/wp-content\/uploads\/2021\/01\/HS4-0b-1085x1536.jpg 1085w, https:\/\/wikicollection.fr\/wp-content\/uploads\/2021\/01\/HS4-0b-1447x2048.jpg 1447w\" sizes=\"auto, (max-width: 516px) 100vw, 516px\" \/><\/a><\/p>\n","protected":false},"excerpt":{"rendered":"<p>Cet article est gratuit pour les adh\u00e9rents ACJM \u00e0 jour de leurs cotisations annuelles (utiliser l&rsquo;option paiement \u00e0 la livraison).<\/p>\n","protected":false},"featured_media":121643,"comment_status":"open","ping_status":"closed","template":"","meta":[],"product_cat":[203],"product_tag":[],"class_list":{"0":"post-121575","1":"product","2":"type-product","3":"status-publish","4":"has-post-thumbnail","6":"product_cat-etudes","8":"first","9":"instock","10":"downloadable","11":"virtual","12":"purchasable","13":"product-type-simple"},"_links":{"self":[{"href":"https:\/\/wikicollection.fr\/index.php?rest_route=\/wp\/v2\/product\/121575","targetHints":{"allow":["GET"]}}],"collection":[{"href":"https:\/\/wikicollection.fr\/index.php?rest_route=\/wp\/v2\/product"}],"about":[{"href":"https:\/\/wikicollection.fr\/index.php?rest_route=\/wp\/v2\/types\/product"}],"replies":[{"embeddable":true,"href":"https:\/\/wikicollection.fr\/index.php?rest_route=%2Fwp%2Fv2%2Fcomments&post=121575"}],"wp:featuredmedia":[{"embeddable":true,"href":"https:\/\/wikicollection.fr\/index.php?rest_route=\/wp\/v2\/media\/121643"}],"wp:attachment":[{"href":"https:\/\/wikicollection.fr\/index.php?rest_route=%2Fwp%2Fv2%2Fmedia&parent=121575"}],"wp:term":[{"taxonomy":"product_cat","embeddable":true,"href":"https:\/\/wikicollection.fr\/index.php?rest_route=%2Fwp%2Fv2%2Fproduct_cat&post=121575"},{"taxonomy":"product_tag","embeddable":true,"href":"https:\/\/wikicollection.fr\/index.php?rest_route=%2Fwp%2Fv2%2Fproduct_tag&post=121575"}],"curies":[{"name":"wp","href":"https:\/\/api.w.org\/{rel}","templated":true}]}}