{"id":11711,"date":"2015-10-31T22:12:30","date_gmt":"2015-10-31T21:12:30","guid":{"rendered":"http:\/\/wikicollection.fr\/?post_type=product&#038;p=11711"},"modified":"2021-01-25T08:46:46","modified_gmt":"2021-01-25T07:46:46","slug":"la-france-rationnee-par-bernard-le-marec","status":"publish","type":"product","link":"https:\/\/wikicollection.fr\/?product=la-france-rationnee-par-bernard-le-marec","title":{"rendered":"La France rationn\u00e9e, par Bernard Le Marec"},"content":{"rendered":"<p><strong>La France rationn\u00e9e, par Bernard Le Marec<br \/>\n<em>histoire illustr\u00e9e des restrictions (1940-1949)<\/em><br \/>\n<\/strong><\/p>\n<p>Dix ann\u00e9es de restriction! Toutes les denr\u00e9es sont rationn\u00e9es, toutes les r\u00e9gions, toutes les professions sont concern\u00e9es. Il faut des tickets pour tout, depuis avant la naissance (la carte de grossesse) jusqu&rsquo;\u00e0 la mort (en 1942, il existe des bons de cercueils).<\/p>\n<p>A travers des objets t\u00e9moins de cette \u00e9poque (tickets, dessins de presse, cartes postales, jouets, etc) l&rsquo;auteur montre combien les habitudes sociales furent modifi\u00e9es.<\/p>\n<p>En plus de trois cent pages, enti\u00e8rement en couleurs et autant d&rsquo;illustrations, appuy\u00e9es sur plus de cent cinquante r\u00e9f\u00e9rences bibliographiques, Bernard le Marec fait le point sur un des aspects peu \u00e9tudi\u00e9 de la Seconde Guerre Mondiale.<\/p>\n<p>Format : 24&#215;32 cm<br \/>\n352 pages enti\u00e8rement en couleur46\u20ac<br \/>\nReli\u00e9 cartonn\u00e9<br \/>\nEn vente en librairie et chez l&rsquo;\u00e9diteur J\u00e9r\u00f4me Do Bentzinger<br \/>\n8, rue Roesselmann &#8211; 68000 Colmar \/ Tel : 03.89.24.19.74<br \/>\n27, rue du Foss\u00e9 des Tanneurs &#8211; 67000 Strasbourg \/ Tel : 03.88.35.91.16<br \/>\nemail: jerome-do.bentzinger-editeur@wanadoo.fr<br \/>\nwww.editeur-livres.com<\/p>\n<p>D\u00e9p\u00f4t l\u00e9gal 4\u00e8me trimestre 2012 &#8211; EAN 9782849603475. <a title=\"'est plus valide\" href=\"http:\/\/eration.free.fr\/images\/lemarec1.jpg\" target=\"_blank\" rel=\"noopener noreferrer\" data-rel=\"lightbox-image-0\" data-magnific_type=\"image\" data-rl_title=\"\" data-rl_caption=\"\">[1]<\/a><\/p>\n<p><a href=\"http:\/\/wikicollection.fr\/?p=10\">Visualiser l&rsquo;article de Ouest France<\/a><\/p>\n<p><a href=\"http:\/\/www.wikicollection.fr\/wp-content\/uploads\/lemarec.jpg\" data-rel=\"lightbox-image-1\" data-magnific_type=\"image\" data-rl_title=\"\" data-rl_caption=\"\" title=\"\"><img loading=\"lazy\" decoding=\"async\" class=\"size-full wp-image-13\" src=\"http:\/\/www.wikicollection.fr\/wp-content\/uploads\/lemarec.jpg\" alt=\"EPSON MFP image\" width=\"600\" height=\"792\" srcset=\"https:\/\/wikicollection.fr\/wp-content\/uploads\/lemarec.jpg 600w, https:\/\/wikicollection.fr\/wp-content\/uploads\/lemarec-227x300.jpg 227w\" sizes=\"auto, (max-width: 600px) 100vw, 600px\" \/><\/a><\/p>\n<div id=\"dc_vk_code\" style=\"display: none;\"><\/div>\n","protected":false},"excerpt":{"rendered":"<p>Dix ann\u00e9es de restriction en un volume! Une tr\u00e8s bonne source d&rsquo;informations pour d\u00e9couvrir cette p\u00e9riode trouble sous cette facette et comprendre comment vivait la population \u00e0 travers ces restrictions.<\/p>\n<div id=\"dc_vk_code\" style=\"display: none;\"><\/div>\n","protected":false},"featured_media":85820,"comment_status":"open","ping_status":"closed","template":"","meta":[],"product_cat":[45],"product_tag":[],"class_list":{"0":"post-11711","1":"product","2":"type-product","3":"status-publish","4":"has-post-thumbnail","6":"product_cat-bibliographie","7":"product_shipping_class-livraison-colissimo","9":"first","10":"outofstock","11":"featured","12":"purchasable","13":"product-type-simple"},"_links":{"self":[{"href":"https:\/\/wikicollection.fr\/index.php?rest_route=\/wp\/v2\/product\/11711","targetHints":{"allow":["GET"]}}],"collection":[{"href":"https:\/\/wikicollection.fr\/index.php?rest_route=\/wp\/v2\/product"}],"about":[{"href":"https:\/\/wikicollection.fr\/index.php?rest_route=\/wp\/v2\/types\/product"}],"replies":[{"embeddable":true,"href":"https:\/\/wikicollection.fr\/index.php?rest_route=%2Fwp%2Fv2%2Fcomments&post=11711"}],"wp:featuredmedia":[{"embeddable":true,"href":"https:\/\/wikicollection.fr\/index.php?rest_route=\/wp\/v2\/media\/85820"}],"wp:attachment":[{"href":"https:\/\/wikicollection.fr\/index.php?rest_route=%2Fwp%2Fv2%2Fmedia&parent=11711"}],"wp:term":[{"taxonomy":"product_cat","embeddable":true,"href":"https:\/\/wikicollection.fr\/index.php?rest_route=%2Fwp%2Fv2%2Fproduct_cat&post=11711"},{"taxonomy":"product_tag","embeddable":true,"href":"https:\/\/wikicollection.fr\/index.php?rest_route=%2Fwp%2Fv2%2Fproduct_tag&post=11711"}],"curies":[{"name":"wp","href":"https:\/\/api.w.org\/{rel}","templated":true}]}}